(4). Let m be r/4*(-36)/54. List the prime factors of ((-10)/m)/((-1)/31).
2, 31
Suppose -2027 = 13*r + 4642. Let l = r - -791. What are the prime factors of l?
2, 139
Let d = -156 - -158. Suppose 3*h - 1670 = -i + 741, -1600 = -d*h + 3*i. List the prime factors of h.
11, 73
Suppose -6*g + 20 = -g. Suppose 12 = g*x - 12. Suppose 0 = -x*k + 358 - 112. What are the prime factors of k?
41
Suppose 21547 = o - 5*j, 4*o + j - 38952 = 47299. What are the prime factors of o?
2, 10781
Let p(x) = 95*x. Let c be p(-1). Suppose g - 220 = 4*v + 354, -3*v - 5*g = 442. Let h = c - v. List the prime factors of h.
7
Suppose 5*w + 9*a - 6*a - 20307 = 0, -4*a - 20314 = -5*w. What are the prime factors of w?
2, 3, 677
Let g(l) = -6*l - 28. Let n be g(-10). Suppose -2*x - 125 = 63. Let f = n - x. What are the prime factors of f?
2, 3, 7
Let j(b) = b**2 + 21*b - 46. Let a be j(-23). Suppose a = -5*y + 23 + 47. List the prime factors of (-84)/12*(-60)/y.
2, 3, 5
Let d(w) = -52*w + 27. Let c be d(-6). Suppose 5*l - 589 = f + 2*f, -3*l + c = 3*f. Suppose -y = -4*b - 82, -2*y - b = 3*b - l. What are the prime factors of y?
2, 3, 11
Let c be (-4)/(-26) - (-252)/52. Suppose 1830 - 460 = c*r. What are the prime factors of r?
2, 137
Suppose 4*h = -4*d, h - 3*h = 8. Suppose d*g = 3*r + 913, 5*g - 3*r + 474 = 1613. List the prime factors of g.
2, 113
Let m = -20338 + 28618. List the prime factors of m.
2, 3, 5, 23
Suppose -x - 5*z + 7 = -7, -4*z = 4*x - 24. Suppose -x*r + 2448 = 3*j, 4*j + 0*r = -3*r + 3264. List the prime factors of j.
2, 3, 17
Suppose 4*n - 57177 = -5*y, 15*y - 19*y - 4*n = -45744. List the prime factors of y.
3, 37, 103
Let b = 39 - 35. Let m be b*1/(-3) + 74/6. Let t(z) = 8*z - 2. List the prime factors of t(m).
2, 43
Suppose -k + 23 = -5*c, 4 = 4*k - 2*c - 16. What are the prime factors of k - (2 + -2)/(-1) - -346?
349
Let m(l) = -420*l + 4483. List the prime factors of m(-40).
21283
Let i = -18159 + 28274. What are the prime factors of i?
5, 7, 17
Suppose 4*t - 396 = 5*t + 4*c, 0 = -c. Let y = 653 + t. What are the prime factors of y?
257
Suppose 726225 = -0*d + 14*d + 127767. List the prime factors of d.
3, 14249
What are the prime factors of 4522*10/15*3/4?
7, 17, 19
Suppose -5*t = 7*u - 3*u + 42042, u = 5*t + 42027. What are the prime factors of t/(-36)*(-4)/(-1)?
2, 467
Let l = -229 + 231. Suppose -l*i = 28 - 514. What are the prime factors of i?
3
Let q(k) = 36*k**2 - 23*k - 28. List the prime factors of q(-8).
2, 3, 5, 41
Let w = 6843 + 3185. List the prime factors of w.
2, 23, 109
What are the prime factors of (3056*1)/(191/382)?
2, 191
Suppose -2*x = -6*x - 2*x. Let h be (x - 1 - -1)*-1. Suppose -i - 73 + 147 = h. What are the prime factors of i?
2, 37
Suppose -3*y - 6*j + 4155 = -3*j, 2*j - 1390 = -y. Suppose 3*r - r = y. What are the prime factors of r?
2, 3, 5, 23
Let s = -45 + 47. Suppose 6*w - s = -2. Suppose w*g + 380 = 4*g. What are the prime factors of g?
5, 19
Let n = -506 - -714. Suppose 3*q = -2*m + n, q + 208 = m + m. Suppose 3*f + j - m = 5*j, j - 4 = 0. What are the prime factors of f?
2, 5
Suppose -13*i + 12*i + 13670 = -9223. What are the prime factors of i?
3, 13, 587
Suppose 270 = -4*t - 5*t. Let d = t + 30. Let c(g) = g**2 + 42. List the prime factors of c(d).
2, 3, 7
Let g(m) = -49*m + 48. Suppose 3*d + 8*d = -110. What are the prime factors of g(d)?
2, 269
Suppose -4*g - 3920 = -2*o, -11872 = 17*o - 23*o - 2*g. What are the prime factors of o?
2, 13, 19
Let q = 28269 - 10152. List the prime factors of q.
3, 11, 61
Let w(r) = 83*r + 16. Let z(b) = -329*b - 62. Let l(s) = 22*w(s) + 6*z(s). List the prime factors of l(-8).
2, 3, 97
Suppose -p - 3*p = b - 21, 4*p - 108 = -4*b. List the prime factors of (b - 31)*(-662)/4.
331
Let i(j) = 105*j**2 - 10*j - 7. List the prime factors of i(-3).
2, 11
What are the prime factors of 113020/(-50)*(25/(-10) - 0)?
5651
Suppose -t - 3*n + 286 = -n, 0 = -5*n - 20. Let r = t + -20. List the prime factors of r.
2, 137
Let i(h) = 4*h**3 + h**2 - h + 1. Let a be i(1). Suppose -a = -3*d - 71. Let s = d + 52. What are the prime factors of s?
2, 3, 5
Let a = -16 + 23. Let y be (150/(-18))/(4/(-36)). Suppose a*k - 10*k = -y. List the prime factors of k.
5
Suppose -25*m + 22 = -14*m. List the prime factors of (12 - -11)*(4 - m).
2, 23
Let o be (-1 - (-2 - 569))/((-9)/(-90)). Suppose 13*y - o = -2*y. List the prime factors of y.
2, 5, 19
Let g(a) = 125*a**3 - a**2 - a + 4. Let d be g(3). Suppose 4*c - c - 3362 = n, 3*c - 2*n = d. List the prime factors of c.
3, 373
List the prime factors of (-1)/((-115)/(-92))*23695/(-2).
2, 7, 677
Let b(z) = -5267*z + 1326. List the prime factors of b(-4).
2, 11197
Let a be (-1 - 3) + 1 + -3. List the prime factors of ((-15)/a - (-54)/(-12)) + 432.
2, 5, 43
Suppose -5333 = -10*m - 123. What are the prime factors of m?
521
List the prime factors of (23 - 23)/(-13) + 4*(-6287)/(-1).
2, 6287
Let g be 6/9*(-57)/2. Let a = -17 - g. Suppose w = 4*z - 85, a*z - 88 = -2*z + 4*w. List the prime factors of z.
3, 7
Suppose -2*f - 5 = i - 97, -5*i = -2*f + 68. Suppose -165 = 4*k + k. Let z = k + f. List the prime factors of z.
11
Let j(b) = 77*b**2 - 3. Let x(y) = 153*y**2 - y - 6. Let v(k) = 3*k + 22. Let t be v(-8). Let z(r) = t*x(r) + 5*j(r). List the prime factors of z(1).
2, 3, 13
Let a(v) be the first derivative of v**4/4 - 4*v**3/3 + 13*v**2/2 + 25*v + 7. List the prime factors of a(6).
5, 7
Let z = 35853 + -3677. List the prime factors of z.
2, 2011
Let k be 19322*(-3)/(-60) + (-6)/60. What are the prime factors of 90/(-7)*k/(-9)?
2, 3, 5, 23
Let f(z) be the first derivative of -5*z**2/2 + 16. Let s be f(-1). Suppose s*x = -5*d - 16 + 141, 0 = -4*x + 8. List the prime factors of d.
23
Let w(n) be the second derivative of -11*n**5/60 + 19*n**4/12 + 2*n**3/3 + 21*n. Let k(h) be the second derivative of w(h). What are the prime factors of k(-7)?
2, 3
Let b(c) = 11042*c - 1727. List the prime factors of b(4).
3, 7, 43, 47
Let z = 11057 - -8563. List the prime factors of z.
2, 3, 5, 109
Let f = 28 + -10. Suppose -3*m - m + 4*a - 36 = 0, -4*m = 5*a + f. List the prime factors of (3 - 5)/2*m*19.
7, 19
Suppose 86*n - 91*n = 138*n - 3517371. List the prime factors of n.
3, 911
Let l(t) = t**2 - 25. Let r be l(-7). List the prime factors of ((-252)/r)/(3/(-26)).
7, 13
Suppose 5*w + 5*n = -0*w + 75250, 3*n + 45180 = 3*w. List the prime factors of w.
5, 3011
Suppose 0 = -6*m + 51 - 51. Suppose m = 11*g - 1174 - 3677. List the prime factors of g.
3, 7
Suppose -20*k + 57849 = 9*k - 45362. List the prime factors of k.
3559
Let u be (54/45)/((-3)/(-10)). Suppose 7*h - 5*f - 25 = 2*h, u*h - 18 = 3*f. Suppose 3*s = -4*a + 231, 6*s - h*s - 255 = 4*a. List the prime factors of s.
3
Let h be (104/(-39))/((-2)/(-21)). Let l(w) = w**3 + 29*w**2 + 13*w + 38. What are the prime factors of l(h)?
2, 229
Let p be (1096/5)/(30/300). Suppose 5*y - p = -2*m, -2*m - 30*y + 2152 = -35*y. What are the prime factors of m?
2, 3, 181
Suppose 18*l = 10*l - 48. Let t be l/9*-6 - -38. Suppose 16 + t = 2*w. What are the prime factors of w?
29
Let f(j) be the third derivative of 25*j**4/8 + 31*j**3/6 - 15*j**2. What are the prime factors of f(4)?
331
Suppose 17633 - 86217 = -8*n. What are the prime factors of n?
8573
Let p = 649 + -645. List the prime factors of p - (-201)/(-6)*-6.
5, 41
Suppose -h - 4*r + 5 = 0, 0*r = -2*h - 4*r - 2. Let t be (6/4)/((42/(-184))/h). Suppose -3*n + 430 - t = 0. What are the prime factors of n?
2
Let u(l) = -272*l - 1327. List the prime factors of u(-58).
14449
Let z(b) = 3*b**3 - 78*b**2 + 1286*b + 70. List the prime factors of z(30).
2, 5, 23, 43
Let i be (-9)/(-21) - ((-78)/14 - -1). Let l(z) be the first derivative of 3*z**2 - 22*z + 28. List the prime factors of l(i).
2
Suppose h + x = 6505, -33*h = -37*h + 3*x + 25985. What are the prime factors of h?
2, 5, 13
Let f(h) = h**3 + 43*h**2 - 80*h - 128. List the prime factors of f(-35).
2, 1559
Let j(n) = -n**2 - 2*n - 1. Let l be j(16). Let f = 583 - l. What are the prime factors of f?
2, 109
Let o(d) = 299*d**3 - 10*d**2 - 18*d + 153. List the prime factors of o(5).
2, 3, 1033
Let p be 4/(-12)*(1 - 10). List the prime factors of 16/12*(711 - 0)/p.
2, 79
Suppose 10 = -2*x, -2*p + 7*p - 15 = -2*x. Suppose 3*s = o - 3 + 11, 